57?
False
Is 66 a factor of 1455102?
True
Is 20 a factor of 191235?
False
Is 25 a factor of 1533235?
False
Does 64 divide 90880?
True
Is 162393 a multiple of 209?
True
Is 103 a factor of 1637374?
False
Does 929 divide 5649114?
False
Is 6812891 a multiple of 82?
False
Is 367832 a multiple of 4?
True
Is 12 a factor of 5629368?
True
Does 284 divide 725016?
False
Does 232 divide 3357136?
False
Does 133 divide 2852682?
False
Is 104419 a multiple of 27?
False
Does 86 divide 1174662?
False
Is 47 a factor of 30123?
False
Is 11 a factor of 893344?
False
Is 347 a factor of 853273?
True
Is 167 a factor of 290580?
True
Is 183062 a multiple of 167?
False
Is 11206 a multiple of 4?
False
Is 36 a factor of 2877156?
True
Is 1995297 a multiple of 96?
False
Is 2281339 a multiple of 149?
True
Does 7 divide 109782?
False
Is 735384 a multiple of 55?
False
Is 8724011 a multiple of 73?
True
Is 1925974 a multiple of 4?
False
Is 882 a factor of 873180?
True
Is 275168 a multiple of 590?
False
Is 25 a factor of 481203?
False
Does 4 divide 4729537?
False
Does 596 divide 490508?
True
Is 24 a factor of 6161928?
True
Does 53 divide 2406942?
True
Does 257 divide 162681?
True
Does 920 divide 731400?
True
Is 311360 a multiple of 322?
False
Is 565499 a multiple of 282?
False
Does 15 divide 2849715?
True
Is 6 a factor of 6171?
False
Is 399 a factor of 654360?
True
Is 267 a factor of 40911?
False
Is 381 a factor of 1253109?
True
Is 1372 a factor of 2960776?
True
Is 315 a multiple of 315?
True
Is 5874734 a multiple of 176?
False
Is 1201495 a multiple of 515?
True
Is 44 a factor of 3432334?
False
Is 75 a factor of 227775?
True
Is 47172 a multiple of 14?
False
Does 426 divide 238382?
False
Does 30 divide 819960?
True
Is 282090 a multiple of 26?
False
Is 397 a factor of 4066937?
False
Is 8 a factor of 843728?
True
Does 51 divide 1050590?
False
Is 140836 a multiple of 548?
True
Is 7179120 a multiple of 312?
True
Does 183 divide 378133?
False
Is 4068109 a multiple of 191?
True
Does 34 divide 1698857?
False
Is 116376 a multiple of 24?
True
Is 1805304 a multiple of 856?
True
Does 577 divide 1354219?
True
Is 12 a factor of 3099542?
False
Is 490032 a multiple of 41?
True
Does 261 divide 64728?
True
Is 93133 a multiple of 138?
False
Is 1779 a factor of 10118952?
True
Is 6 a factor of 76251?
False
Does 6 divide 211332?
True
Is 5 a factor of 184340?
True
Is 16 a factor of 121760?
True
Does 27 divide 43368?
False
Is 10372344 a multiple of 332?
True
Is 10108546 a multiple of 46?
True
Is 106904 a multiple of 14?
True
Is 34 a factor of 860967?
False
Does 53 divide 48231?
False
Is 199 a factor of 129748?
True
Is 715360 a multiple of 136?
True
Is 117 a factor of 39780?
True
Is 2125844 a multiple of 644?
True
Is 1859577 a multiple of 411?
False
Is 906 a factor of 222876?
True
Is 1134 a factor of 4486454?
False
Does 23 divide 259624?
True
Does 23 divide 467848?
False
Does 27 divide 72668?
False
Does 91 divide 162844?
False
Is 25 a factor of 277325?
True
Does 506 divide 7668430?
True
Does 11 divide 200127?
False
Does 13 divide 9258574?
True
Does 18 divide 94755?
False
Is 4912495 a multiple of 300?
False
Is 32 a factor of 15424?
True
Does 466 divide 534968?
True
Does 530 divide 7054885?
False
Is 558404 a multiple of 49?
True
Is 27 a factor of 207441?
True
Is 287 a factor of 89927?
False
Is 211 a factor of 6070470?
True
Does 220 divide 10231760?
True
Does 45 divide 85941?
False
Is 173590 a multiple of 4?
False
Is 16 a factor of 841?
False
Is 11689132 a multiple of 26?
True
Does 46 divide 342792?
True
Is 1437261 a multiple of 77?
False
Is 26497704 a multiple of 133?
False
Is 3 a factor of 1085?
False
Is 40 a factor of 259776?
False
Does 34 divide 5044922?
False
Does 45 divide 4560520?
False
Does 1096 divide 9733746?
False
Is 597 a factor of 10110665?
False
Is 14 a factor of 256662?
True
Does 63 divide 227214?
False
Is 5 a factor of 53136?
False
Is 3366064 a multiple of 16?
True
Is 12 a factor of 5582217?
False
Does 239 divide 2951059?
False
Is 16 a factor of 8987595?
False
Is 1583481 a multiple of 69?
True
Is 1343537 a multiple of 772?
False
Is 39964 a multiple of 50?
False
Is 1185115 a multiple of 224?
False
Is 314 a factor of 1481556?
False
Does 216 divide 294523?
False
Is 3 a factor of 2431041?
True
Is 364 a factor of 405132?
True
Is 315706 a multiple of 26?
False
Is 472356 a multiple of 18?
True
Does 324 divide 7000956?
False
Does 124 divide 10028202?
False
Is 1002 a factor of 16363221?
False
Is 8 a factor of 405304?
True
Is 328 a factor of 2256312?
True
Does 20 divide 590320?
True
Does 356 divide 1394069?
False
Is 77605 a multiple of 187?
True
Is 5772910 a multiple of 31?
False
Does 11 divide 6413770?
True
Is 7 a factor of 2287118?
False
Is 8330250 a multiple of 1149?
True
Is 7 a factor of 216643?
True
Is 11 a factor of 361057?
False
Does 3 divide 468537?
True
Does 21 divide 174783?
True
Is 1605853 a multiple of 86?
False
Does 340 divide 5069072?
False
Is 412619 a multiple of 60?
False
Is 19 a factor of 565278?
False
Is 613272 a multiple of 17?
False
Does 132 divide 6897648?
False
Is 8 a factor of 11156064?
True
Is 22193 a multiple of 10?
False
Is 15 a factor of 1013745?
True
Is 139 a factor of 108281?
True
Does 35 divide 207795?
True
Is 14172798 a multiple of 45?
False
Is 203181 a multiple of 11?
True
Is 58 a factor of 1704910?
True
Does 264 divide 1077130?
False
Is 308 a factor of 12012?
True
Does 78 divide 744925?
False
Does 700 divide 1911000?
True
Is 15 a factor of 116533?
False
Is 17 a factor of 428026?
True
Does 60 divide 33328?
False
Is 1908764 a multiple of 11?
True
Does 115 divide 399899?
False
Does 38 divide 1161622?
True
Is 228 a factor of 2110970?
False
Is 4444946 a multiple of 11?
True
Is 99736 a multiple of 7?
True
Is 152 a factor of 174648?
True
Is 1099532 a multiple of 107?
True
Is 6 a factor of 24610?
False
Is 439938 a multiple of 42?
False
Does 388 divide 109125?
False
Is 183467 a multiple of 370?
False
Is 3355293 a multiple of 74?
False
Is 87 a factor of 356429?
False
Is 299 a factor of 13153?
False
Is 243 a factor of 16668585?
True
Is 814541 a multiple of 48?
False
Does 104 divide 287248?
True
Is 1891136 a multiple of 13?
True
Does 326 divide 2819720?
False
Is 54396 a multiple of 11?
False
Does 69 divide 3538424?
False
Is 26412 a multiple of 31?
True
Does 50 divide 97199?
False
Is 23 a factor of 141141?
False
Is 224 a factor of 1518414?
False
Is 611 a factor of 193764?
False
Is 169 a factor of 37856?
True
Is 19265 a multiple of 14?
False
Does 117 divide 4576806?
True
Is 18 a factor of 1309338?
True
Is 124440 a multiple of 51?
True
Is 414 a factor of 196153?
False
Is 186993 a multiple of 9?
True
Does 80 divide 53668?
False
Does 11 divide 742096?
False
Is 29097 a multiple of 9?
True
Is 450 a factor of 1252331?
False
Is 13 a factor of 6114355?
True
Is 258848 a multiple of 148?
False
Is 164697 a multiple of 123?
True
Is 27300 a multiple of 210?
True
Is 93275 a multiple of 7?
True
Is 3499259 a multiple of 117?
False
Is 83 a factor of 6303767?
True
Is 1905744 a multiple of 8?
True
Is 73 a factor of 91615?
True
Does 134 divide 1844309?
False
Does 16 divide 36528?
True
Does 8 divide 269064?
True
Does 176 divide 322960?
True
Does 125 divide 252054?
False
Does 29 divide 468675?
False
Does 6 divide 2843778?
True
Is 258 a factor of 159487?
False
Does 13 divide 1628156?
False
Is 371613 a multiple of 188?
False
Is 324447 a multiple of 3?
True
Does 13 divide 11950666?
True
Does 42 divide 372630?
False
Is 15 a factor of 166333?
False
Does 51 divide 258093?
False
Does 141 divide 125324?
False
Is 250 a factor of 189500?
True
Is 2 a factor of 1183?
False
Is 186625 a multiple of 114?
False
Does 126 divide 2134440?
True
Is 2564411 a multiple of 19?
True
Is 4298626 a multiple of 15?
False
Does 127 divide 10364089?
True
Is 51 a factor of 989859?
True
Is 10 a factor of 3315?
False
Does 81 divide 202581?
True
Does 208 divide 1863056?
True
Is 521 a factor of 2785266?
True
Is 231 a factor of 1127049?
True
Does 28 divide 521027?
False
Is 6962933 a multiple of 15?
False
Does 62 divide 101441?
False
Does 220 divide 2549360?
True
Does 16 divide 69427?
False
Does 9 divide 1512252?
True
Does 239 divide 4946583?
True
Is 501050 a multiple of 50?
True
Is 1156855 a multiple of 14?
False
Is 469 a factor of 11959